 u(b) = 2*b**3 - 117*b**2 + 56*b + 74. What is u(58)?
-42
Let w(t) = 286*t - 6535. Calculate w(23).
43
Let h(y) = y**2 - 45*y - 9788. Determine h(124).
8
Let z(j) = -j**2 - 13*j + 317. Calculate z(-32).
-291
Let k(n) = 23*n**2 + 145*n + 43. What is k(-6)?
1
Let m(w) = -w**3 - 15*w**2 + 14*w + 390. Give m(-14).
-2
Let i(x) = 152*x**2 - 57*x - 54. Give i(-1).
155
Let a(l) = 2*l**3 - 61*l**2 + 117*l - 866. Determine a(29).
4
Let k(n) = -25*n - 112. Give k(-6).
38
Let o(p) = 2*p**2 + 7*p - 84. Give o(-13).
163
Let n(z) = -z**3 + 13*z**2 - 10*z + 44. Calculate n(13).
-86
Let d(b) = -8*b**3 - 59*b**2 - 101*b - 559. Calculate d(-7).
1
Let y(b) = -b**3 - 74*b - 23. Calculate y(0).
-23
Let a(b) = -39*b - 10. Calculate a(-5).
185
Let t(b) = -2*b**2 + 17*b + 208. Give t(-11).
-221
Let q(s) = -4*s**2 - 85*s + 252. Calculate q(-24).
-12
Let m(t) = 2*t**2 + 103*t + 552. What is m(-6)?
6
Let i(r) = -15*r**2 + 61*r - 8. Give i(4).
-4
Let h(m) = -m**2 - 235*m - 13088. Calculate h(-90).
-38
Let u(t) = t**3 - 16*t**2 - 28*t - 49. Give u(17).
-236
Let p(t) = -311*t + 1069. Determine p(3).
136
Let z(a) = 2*a**3 - 127*a**2 - 66*a + 136. Determine z(64).
8
Let l(q) = -12*q**3 - 7*q**2 - 19*q - 19. Give l(-1).
5
Let r(g) = 20*g - 1142. Give r(55).
-42
Let f(v) = 162*v - 1992. What is f(12)?
-48
Let f(w) = 91*w - 552. Give f(6).
-6
Let n(q) = -q**3 + 28*q**2 - 116*q + 36. Give n(23).
13
Let d(z) = 7*z**2 - 13*z + 3. Calculate d(-4).
167
Let u(q) = 3*q**3 + 134*q**2 + 79*q - 403. Calculate u(-44).
-7
Let z(x) = 12*x**3 + 108*x**2 + 3*x + 31. What is z(-9)?
4
Let d(y) = -301*y - 9337. Give d(-31).
-6
Let v(b) = b**2 - 66*b + 305. Calculate v(59).
-108
Let f(u) = u**3 + 27*u**2 - 2*u - 68. What is f(-27)?
-14
Let d(s) = -85*s**2 + 30*s - 75. Calculate d(3).
-750
Let h(q) = 7*q - 171. What is h(25)?
4
Let p(z) = z**2 + 47*z + 30. Give p(-28).
-502
Let l(b) = 7*b**2 - 594*b - 5913. Calculate l(-9).
0
Let h(n) = 20*n + 2504. What is h(-126)?
-16
Let t(o) = 72*o - 1213. Calculate t(17).
11
Let m(q) = -25*q**2 - 5*q + 9. Calculate m(2).
-101
Let p(y) = 3*y**3 + 4*y - 65. What is p(0)?
-65
Let i(x) = -x**2 + 13*x - 15. Determine i(13).
-15
Let b(h) = -7*h**2 + 94*h + 138. What is b(13)?
177
Let r(w) = -w**2 - 83*w + 131. What is r(-85)?
-39
Let g(m) = 4*m**2 + 59*m - 559. What is g(8)?
169
Let s(x) = -7*x + 8. Determine s(6).
-34
Let v(x) = -16*x - 2661. Give v(-166).
-5
Let u(w) = 5*w**3 + 60*w**2 + 2*w + 28. Determine u(-12).
4
Let s(v) = -56*v - 358. What is s(-6)?
-22
Let h(a) = -a**3 - 2*a**2 + 53*a + 191. Determine h(-4).
11
Let y(l) = -l**3 - 10*l**2 - 20*l + 5. What is y(-4)?
-11
Let w(z) = z**3 - 237*z**2 + 4921*z + 20. Calculate w(23).
-3
Let y(t) = t - 40. Calculate y(6).
-34
Let r(q) = q**3 + 9*q**2 + 15*q - 5. Determine r(-3).
4
Let b(y) = -y**2 + 138*y + 716. Give b(-5).
1
Let j(t) = -t**3 - 7*t**2 - 4*t - 36. Calculate j(-6).
-48
Let i(b) = 6*b**2 - 13*b - 13. Determine i(-1).
6
Let x(p) = -78*p**3 + 5*p**2 - 6*p + 4. Determine x(2).
-612
Let u(t) = -4182*t - 96179. What is u(-23)?
7
Let o(h) = -229*h + 724. Calculate o(3).
37
Let r(j) = -j**3 + 6*j**2 + 36*j + 27. Determine r(9).
108
Let h(j) = -13*j - 53. What is h(-7)?
38
Let n(q) = -q**3 - 162*q**2 - 777*q + 1255. Give n(-157).
-1
Let z(p) = p**3 + 6*p**2 - 58*p - 30. Determine z(-11).
3
Let p(h) = -h**3 + 70*h**2 + 4. What is p(0)?
4
Let f(s) = 31*s**2 + 51*s - 22. Give f(2).
204
Let t(o) = -268*o + 51. Determine t(2).
-485
Let s(f) = 199*f - 882. Determine s(5).
113
Let k(h) = -40*h - 229. Give k(-5).
-29
Let t(z) = 2*z**3 + 27*z**2 - 153*z - 1951. Determine t(-14).
-5
Let w(a) = 11*a**3 - 4*a**2 + 42*a - 125. Calculate w(3).
262
Let b(c) = 14*c**2 - 5*c - 64. Give b(-6).
470
Let d(z) = -z**2 - 61*z + 757. What is d(13)?
-205
Let a(j) = j**3 - 297*j**2 + j + 2. Give a(0).
2
Let z(h) = -49*h - 2002. What is z(-40)?
-42
Let r(u) = 32*u + 301. What is r(-12)?
-83
Let v(w) = -3*w**2 + 70*w - 85. Give v(22).
3
Let b(a) = -102*a - 36724. Determine b(-360).
-4
Let q(f) = -f**3 + 6*f**2 + f + 7. Determine q(8).
-113
Let p(u) = -219*u**2 - 14*u + 14. Determine p(1).
-219
Let j(c) = -268*c + 1621. Calculate j(6).
13
Let p(t) = -161*t + 714. What is p(4)?
70
Let a(x) = 2*x**3 + 26*x**2 + 4*x - 52. Calculate a(-12).
188
Let v(q) = -q**2 + 232*q - 10752. What is v(64)?
0
Let t(z) = -z + 12. Give t(46).
-34
Let l(j) = -j**2 + 26*j - 77. Calculate l(23).
-8
Let c(y) = 15254*y + 91520. Give c(-6).
-4
Let q(u) = u**2 + 619*u + 74318. Calculate q(-163).
-10
Let u(b) = -3*b**3 - 3*b**2 - 2. Determine u(-4).
142
Let s(j) = j**3 + 67*j**2 + 242*j - 634. What is s(-63)?
-4
Let n(s) = 2*s**3 + 25*s**2 + 16*s + 18. What is n(-12)?
-30
Let s(h) = -4*h**2 - 243*h + 774. What is s(3)?
9
Let m(a) = -166*a + 6688. Calculate m(40).
48
Let d(y) = 10*y**2 - 188*y - 2. Give d(19).
36
Let q(x) = -5*x + 88. Calculate q(24).
-32
Let d(n) = -577*n - 1711. Calculate d(-3).
20
Let i(j) = 46*j**2 + 33*j - 34. Calculate i(1).
45
Let z(u) = 4*u**3 - 28*u**2 - 415*u + 2893. Give z(7).
-12
Let u(w) = 3*w**3 + 149*w**2 - 52*w - 40. Calculate u(-50).
60
Let x(w) = -w**3 + 7*w**2 + 20*w - 34. Calculate x(9).
-16
Let n(q) = -6*q + 12. What is n(-6)?
48
Let y(i) = 9*i**2 - 178*i + 782. Give y(9).
-91
Let y(x) = -4*x**2 - 11*x - 360. Determine y(0).
-360
Let z(g) = -g**3 + 36*g**2 + 505*g + 571. What is z(47)?
7
Let i(j) = 12*j**2 + 73*j - 1. Calculate i(-6).
-7
Let k(g) = -g**2 + 1394*g + 45638. What is k(-32)?
6
Let z(g) = -2*g**2 + 132*g - 115. What is z(65)?
15
Let q(v) = -v**2 + 747*v - 8814. Determine q(12).
6
Let t(p) = -1900*p + 1890. What is t(1)?
-10
Let w(b) = 5*b - 23. What is w(6)?
7
Let v(u) = 2*u**2 + 27*u + 14. What is v(-12)?
-22
Let u(z) = 38*z**2 + 17*z + 28. Determine u(-2).
146
Let i(s) = -27*s + 168. What is i(4)?
60
Let u(l) = -6*l**2 - 70*l + 200. What is u(3)?
-64
Let u(n) = 23*n - 34. Calculate u(6).
104
Let x(h) = 2*h**2 - 68*h + 25. What is x(33)?
-41
Let s(n) = 18*n + 118. Calculate s(-9).
-44
Let b(s) = -s**2 + 29*s - 134. Determine b(23).
4
Let f(a) = -2*a**3 + 5*a**2 - 4*a - 56. What is f(-6)?
580
Let g(r) = -r**2 - 1112*r + 7843. What is g(7)?
10
Let i(y) = 123*y + 2482. What is i(-20)?
22
Let r(s) = 8616*s - 55. Determine r(0).
-55
Let l(j) = 4*j**3 - 160*j**2 + 170*j - 530. Determine l(39).
16
Let p(o) = 10*o**3 + 2*o**2 + 5*o - 19. Calculate p(3).
284
Let c(d) = -2*d**3 + 7*d**2 + 2*d + 10. Calculate c(3).
25
Let o(q) = 6*q**3 - 75*q**2 + 10*q - 82. What is o(12)?
-394
Let b(s) = -3*s**2 + 85*s - 405. Calculate b(6).
-3
Let a(o) = o**2 + 1277*o - 25954. Calculate a(20).
-14
Let n(y) = -3*y**2 - 30*y + 9. Give n(4).
-159
Let i(m) = -m**2 + 9*m + 112. Calculate i(-7).
0
Let q(p) = -2*p**3 + 406*p**2 - 3125*p + 962. Give q(195).
-13
Let b(o) = 32*o + 1949. Calculate b(-61).
-3
Let u(b) = -57*b + 458. Determine u(9).
-55
Let k(p) = -1976*p - 23714. Calculate k(-12).
-2
Let a(c) = c**3 + 37*c**2 + 353*c + 42. Give a(-18).
-156
Let k(f) = 79*f + 15. Determine k(-1).
-64
Let i(f) = 4*f**3 - 110*f**2 - 52*f - 63. Calculate i(28).
49
Let a(t) = 2*t**3 + 16*t**2 - 60*t - 364. Determine a(-9).
14
Let o(l) = 3*l**2 + 3*l - 21. Calculate o(2).
-3
Let x(w) = w**3 + 22*w**2 - 1013*w + 995. Calculate x(-45).
5
Let h(v) = -v**3 - 9*v**2 - 5*v - 132. What is h(-10)?
18
Let c(x) = 3*x**2 - 17*x - 96. What is c(9)?
-6
Let q(b) = -b**2 + 62*b + 78. What is q(62)?
78
Let x(m) = -m**2 + 606*m + 2. Calculate x(0).
2
Let h(z) = -z**3 - 26*z**2 + 93*z + 56. What is h(-29)?
-118
Let x(o) = 2*o**2 - 690*o - 25784. Calculate x(379).
-12
Let f(v) = -4*v**2 + 88*v - 155. Determine f(20).
5
Let r(c) = -28*c + 549. What is r(14)?
157
Let d(r) = -r**2 - 155*r - 3140. What is d(-24)?
4
Let j(h) = -2*h**3 + 18*h**2 + 20*h - 1. What is j(10)?
-1
Let k(q) = 6*q - 22. Calculate k(-6).
-58
Let u(p) = -p**2 + 26*p - 154. Give u(11).
11
Let o(u) = 2*u**3 + u**2 - 3*u - 4. Give o(0).
-4
Let h(s) = 68*s**2 - 1698*s - 45. Calculate h(25).
5
Let z(o) = -35*o**3 + 12*o**2 + 9*o - 7. What is z(1)?
-21
Let x(i) = -i**3 - 22*i**2 + 32*i + 68. What is x(-23)?
-139
Let t(g) = 5*g**2 - 64*g - 54. Calculate t(14).
30
Let b(r) = 24*r - 367. What is b(15)?
-7
Let k(b) = -b**2 - 33*b + 308. Determine k(-40).
28
Let x(r) = -4*r**2 - 148*r + 484. Calculate x(-40).
4
Let i(